 = 80 + r. What is the greatest common divisor of 28 and q?
14
Let p(f) = -3*f + 51. Let g be p(0). Calculate the greatest common divisor of g and 459.
51
Let p be 6/(-4)*(-32)/(-48) - -344. What is the highest common divisor of p and 7?
7
Let y = 205 + -137. Calculate the highest common factor of 153 and y.
17
Let n(w) = -w**2 + 11*w + 158. Let g be n(19). What is the highest common divisor of g and 426?
6
Let r = 190 - 155. Calculate the greatest common factor of 182 and r.
7
Suppose 2*s - 4*i = -3*s + 69, -i + 25 = 2*s. Let n(r) = 154*r - 9. Let k be n(2). Let j = -156 + k. Calculate the highest common factor of s and j.
13
Suppose -30*x - 51*x + 324 = 0. Let m be ((-16)/6)/(4/(-54)). What is the greatest common factor of x and m?
4
Suppose -112 + 4088 = -8*c. Let w = -191 - c. What is the greatest common factor of w and 34?
34
Let s be 31/2 - (-2)/4. Suppose -3*a - 6*u = -u - 508, 0 = -5*a + 4*u + 896. Calculate the highest common divisor of a and s.
16
Suppose -4*f + 7*f = 12. Suppose 0*h = 2*h + 2*w - f, h = -2*w. Suppose 4 = -4*q, 48 = p + h*p + 2*q. Calculate the greatest common divisor of 110 and p.
10
Let t = -275 + 380. What is the greatest common divisor of t and 21?
21
Suppose -29 + 8 = -2*o + 5*a, -o = -4*a - 9. Let x = 69 - 4. What is the greatest common divisor of x and o?
13
Let b = 479 - 446. Calculate the highest common factor of 55 and b.
11
Let z be (-2 - (6 - -3))/(-1). Suppose y = 3, -179 = -4*i - 0*i - y. Calculate the greatest common divisor of z and i.
11
Let j be 13/78 + (-142)/(-12). Suppose j + 8 = 5*k. What is the greatest common factor of 6 and k?
2
Let w(l) = -l**3 - 4*l**2 - l + 10. Let m be w(-3). Suppose -19 = -u - 3*b + 3, 2*u - 22 = 5*b. What is the greatest common divisor of u and m?
4
Let v = 50 + 142. Suppose -4*n + 4*b + v = -0*b, -3*n = -2*b - 144. Let o(g) = g + 3. Let t be o(5). What is the greatest common divisor of n and t?
8
Let k(o) = 17*o**2 - 31*o + 31. Let v be k(1). Calculate the greatest common divisor of v and 2.
1
Let y(m) = -7*m**2 + 3*m + 2. Let x be y(-1). Let l be 112 + 16/(x/2). Calculate the highest common factor of l and 72.
36
Let d(t) be the third derivative of -t**4/24 + 5*t**2. Let q be d(-7). Let p be (0 - 0)/2 - -14. What is the greatest common divisor of p and q?
7
Suppose 19 = 5*z + 4*r, z - r - 13 = -2. Let j = z + -5. Let v(n) = -2*n**3 + 9*n**2 - 3*n + 4. Let p be v(4). Calculate the greatest common divisor of p and j.
2
Suppose -19 = 7*t - 12. Suppose -5*z = -p - 17, 5*p + 2*z = -5 + 28. Let o = p - t. What is the greatest common divisor of o and 20?
4
Let z be 1/3 + 1*10/6. Let n be (-12 + z)*280/(-25). Calculate the highest common factor of 7 and n.
7
Let x = -57 + 83. Suppose 2*d + 0 = 12. Let c = d - -59. What is the highest common factor of x and c?
13
Suppose 10 = -4*k + 186. Suppose -406*t + 5*u = -401*t - 690, -294 = -2*t + 5*u. What is the greatest common factor of k and t?
44
Let c(o) = 58*o - 8. Let v be c(2). What is the highest common divisor of v and 27?
27
Suppose 817 = 12*h - 2375. What is the highest common divisor of h and 19?
19
Suppose 0 = -n + 4*m + 12, n - 6 = -2*m + 12. Suppose -181 = -5*l - 3*i, 3*l - n - 92 = -2*i. Calculate the highest common factor of l and 57.
19
Let f = 2027 - 1997. Suppose 143 - 38 = r. Calculate the greatest common divisor of r and f.
15
Suppose -4*i = -2*b + 256, 5*i - 388 = -3*b + 9*i. Calculate the greatest common factor of b and 429.
33
Let x(g) = -g**2 + 4*g - 1. Let o be x(3). Let f = 0 + o. Let r be (-1)/(12/80)*(-6)/5. Calculate the highest common divisor of f and r.
2
Let t = -1492 + 1508. Calculate the greatest common divisor of t and 116.
4
Suppose 8*l - 9*l - 35 = 0. Let p = 38 + l. Suppose 5*i + 7 = -3, -p*h + 3*i = -36. Calculate the highest common factor of 10 and h.
10
Let s(d) = -7*d + 5. Let i(n) = 1. Let p(l) = 2*i(l) - s(l). Let b be p(13). Let c = b - -48. What is the greatest common factor of 17 and c?
17
Let r = 610 - 604. Calculate the greatest common factor of 18 and r.
6
Suppose -3*f + 70 = 103*s - 105*s, 5*f = -s + 121. What is the highest common factor of f and 186?
6
Let d(o) = -o**2 - 28*o - 89. Let s be d(-5). What is the greatest common factor of 338 and s?
26
Let z = 36 + -21. Suppose 117*u - 60 = 116*u. Calculate the highest common divisor of u and z.
15
Let x(u) = -u**2 + 6*u + 7. Let c be x(7). Suppose -m = -4*t, -t = -m - c + 3. Let h be (0/4)/m + 4. What is the greatest common factor of 28 and h?
4
Let p be -3 + 2 + 10 + -1. Let u be (34/p)/((-1)/(-36)). Suppose -3*s + u = j + 10, -5*j = 3*s - 127. What is the greatest common divisor of 7 and s?
7
Let r be (-9)/6 + 165/2. Calculate the greatest common divisor of 54 and r.
27
Suppose -22 = -g - 3*f, 7*g - 8*g = f - 16. Calculate the highest common factor of g and 65.
13
Suppose 2*h - 4 = 12. Suppose -3*c + 8*c - 9 = m, -3*c + 4*m + 19 = 0. Let t be (c/3)/((-3)/(-72)). Calculate the highest common divisor of h and t.
8
Suppose a - 36 = 2*u - 2, 0 = -3*u - 15. What is the greatest common divisor of a and 384?
24
Let j be ((-4 - -19)*-103)/((-9)/9). Calculate the highest common factor of j and 15.
15
Suppose 3*n = 41 + 1. Let y = -36 - -39. Suppose 2*j - 5*r = 79, 0*j - y*r + 129 = 3*j. Calculate the highest common factor of n and j.
14
Suppose 5*t = 33 + 52. Let g = t + -1. Suppose -4*b + 5*h + 38 = -31, -b - h = -15. What is the greatest common divisor of b and g?
16
Suppose -4*k + w - 168 = 5*w, 3*k + 128 = -5*w. Let z = 61 + k. What is the highest common factor of 40 and z?
20
Let w(t) = -t**3 - 4*t**2 - 7*t - 13. Let u be w(-4). Calculate the highest common divisor of u and 5.
5
Let d(j) = 2*j**3 + 41*j**2 + 37*j - 5. Let m be d(-18). Calculate the highest common divisor of m and 13.
13
Suppose 5*o = -2*z - 14, 2*o = -13 + 5. Suppose n = -3*n + 5*x + 28, -n = -z*x - 14. Suppose 0 = n*u - 40 - 26. What is the highest common factor of u and 22?
11
Let t = 38 + 47. Let a = 14 + 20. Calculate the greatest common divisor of a and t.
17
Suppose -10 = 4*d + 14. Let f(u) = 2*u**2 + 13*u + 11. Let r be f(d). Let c be 40*(r - 4)/2. What is the highest common factor of 5 and c?
5
Suppose 56 = 3*x - 3*c - 238, -203 = -2*x - 5*c. What is the greatest common divisor of 286 and x?
11
Suppose 8*q - 270 = -10*q. Let i = 1 - -4. Calculate the highest common factor of q and i.
5
Suppose 2*c - d - 10 = 0, d - 2 - 12 = -2*c. Let x = 4 + -2. What is the highest common factor of c and x?
2
Suppose 0 = 4*u - 20, 3*r + 415 = -u + 1500. Suppose j = 11*j - r. What is the highest common factor of 108 and j?
36
Suppose -3354 = -99*h + 3279. What is the highest common factor of 469 and h?
67
Suppose 4*u + 2*m - m - 84 = 0, m + 76 = 4*u. Suppose 14*h + 110 = 19*h. Suppose -h*b + 150 = -19*b. Calculate the highest common divisor of b and u.
10
Suppose -4*v + 27 = -5. Let t(k) = 3 + 4*k + k - v*k. Let z be t(-9). Calculate the highest common divisor of z and 75.
15
Let o = -1129 - -1191. Suppose 0 = -5*j + 4*j - 9. Let k = 22 - j. What is the highest common factor of k and o?
31
Let p(w) = -w**2 + w + 26. Let r be p(-16). Let h = -91 + -47. Let u = h - r. What is the highest common divisor of u and 12?
12
Suppose -6*o + 26 = -4. Suppose s = o*d - 3*s - 216, 4*s = 3*d - 136. What is the greatest common divisor of 5 and d?
5
Suppose 2*v = 20 + 14. Let i(z) = 3*z**2 - 4*z + 13. Let x be i(5). What is the greatest common factor of x and v?
17
Suppose -5*v - 1 = -21. Let m = -96 + 196. Let g = m + -72. What is the greatest common divisor of v and g?
4
Suppose 3*c + 6 = -5*i - 6, 14 = -3*i + 5*c. Let n(b) = b**2 + b - 5. Let r be n(i). Calculate the highest common factor of 5 and r.
1
Let x be (-7)/(-21) + (-1)/3. Let n be 18 + (x - 2) - -2. What is the highest common divisor of 9 and n?
9
Suppose -k - q = -8, -3*q + 2 = 2*k - 13. Suppose 4*w = 3*r - 236, 5*r - 545 + 190 = -w. What is the greatest common divisor of k and r?
9
Let u(a) be the third derivative of a**4/24 + a**3/2 + 5*a**2. Let p be u(8). Calculate the greatest common factor of 22 and p.
11
Let j = 1765 + -1735. What is the greatest common factor of 795 and j?
15
Let t(q) = -2*q - 15. Let b be t(-9). Suppose 0*w = w - 3*z - 8, 0 = b*w + z - 64. What is the greatest common factor of w and 160?
20
Let s(r) 